
Evaluate 74 - ((40 - 66) + 57).
43
What is (-2 + 5 - 2 - 6) + (91 - (98 + -11))?
-1
What is 55 - (87 + 34 + -39)?
-27
What is the value of 37 + -24 + (13 - (-22 + 56))?
-8
Calculate -2 + 4 - (59 + 4) - (0 + -28 - -40).
-73
Calculate -2 + (-15 - -6) + (17 - (-2 + 4)).
4
Evaluate -1 - 8 - (-499 + 443).
47
Evaluate 0 + (11 - ((2 - 0) + (-130 - -118))).
21
What is the value of (-5 + 19 - 25) + 8 + -55?
-58
Calculate 73 - (-158 + 63) - 96.
72
What is 37 + -39 + (18 - 1) + -28?
-13
What is -7 - ((-5 + -7 - -20) + -3)?
-12
What is 6 - (-4 - (-2 + -13) - ((-30 - -30) + 32))?
27
What is the value of -1 + -48 + 16 + -57 + 62?
-28
Evaluate 1 + (-40 + 20 + -9 - -9).
-19
What is -39 + 82 + (-43 - -43)?
43
What is -1 - (-29 + -14 + 37 - (0 - -3)) - 86?
-78
What is (-10 - -9) + (-11 + 5 + 13 - 10)?
-4
(5 - (15 + 7)) + -4 - (-1 - 2)
-18
What is (16 - 185) + 303 + -269?
-135
Evaluate -76 + 56 + 8 - -89.
77
What is 3 + 23 + -40 + 24?
10
Calculate (-1 - 2 - -32) + -23 + -19.
-13
32 + (-20 - 29 - -11) + 0 + 33
27
What is the value of -32 + -15 + 52 + (-5 - -46)?
46
Evaluate -2 + 17 - (73 + 25 + -107).
24
What is 45 - ((10 - 2) + -2 + -10) - -18?
67
What is the value of 38 - (2 + -84) - 38?
82
49 - 0 - (4 + (-5 - 11) + 24 - 4)
41
Calculate -29 + 8 + -6 + 277 + -258.
-8
Evaluate 14 - ((7 - 12) + -6 + 15) - 34 - -8.
-16
246 + -240 - (-2 + 0) - -19
27
What is the value of (-54 - -2) + (1591 - 1539)?
0
What is the value of 327 + -409 - (3 + (-2 - 1) - (-5 + 8))?
-79
Evaluate -1 + (-59 - -35 - 19) + -2 + 8 + 2.
-36
What is 15 + (-14 - (7 - -12)) + 4 + 139?
125
Calculate -16 + 10 - (-90 + 50).
34
88 + 58 + -127 + -85
-66
(-3 - -16) + (-19 - (27 + 10 + -19) - -8)
-16
What is 4 + (9 - ((6 - (-5 + 18)) + 21)) + 102?
101
Calculate 43 + -106 + 18 - -2.
-43
Evaluate -64 + (-2 - -59) + -36.
-43
7 + (-9 - (-19 - 1 - 7))
25
Evaluate (-20 - (-13 - (14 - 12))) + -20.
-25
Evaluate (46 + -32 - 66) + 11 + 2.
-39
Evaluate 9 + (-1 - 13) + (-15 - (15 + -4 + -20)).
-11
3 + (3 + 1 + -10 - 0) - 61
-64
What is -32 - (-33 + (31 - 23) + -47)?
40
What is the value of (-104 - -110) + -4 + 49?
51
Calculate -21 - (9 - (8 + -2 + 11)).
-13
Calculate 87 - ((-19 - 3 - (-29 - -19)) + (10 - 1)).
90
Calculate 60 + 0 + (2634 - 2791).
-97
Evaluate (0 - -2) + (78 - (-67 + 126)).
21
What is the value of -22 - -12 - (-155 + 104)?
41
Calculate -614 + 637 - (-1 - -76) - -10.
-42
Calculate (-19 - -6) + (0 - -14) + 43 + (-28 - -54).
70
What is the value of 38 + -18 + 19 - 70?
-31
What is (3 - (2 + 3)) + 13 - (-11 + 18)?
4
Calculate (-5 - 26) + (2 - -2) + 1 + -5 - 15.
-46
What is the value of -47 + 0 + (-120 - (-135 + -3))?
-29
Calculate (90 - 130 - (-17 + -22)) + (32 + 2 - 1).
32
Calculate 4 + -13 + -13 + 34 + 16.
28
What is -177 + 90 + 67 + 4?
-16
(38 - (72 + -45)) + (1 - -7) + 0
19
Calculate 24 + -6 - (100 + -55 + 4).
-31
What is -17 - (4 - (-2 + 7) - (6 + 0)) - -82?
72
-25 - ((-20 - -1) + 28 + 9 + -30)
-13
281 + -115 - 105 - 70
-9
What is the value of (-430 - -389) + (-3 - -15) - -22?
-7
165 + -198 + -5 + (-105 - -1)
-142
Calculate -32 - (-61 + -7) - (15 + -4).
25
Calculate (-38 - -150) + (1 - 0) + (-87 - -77).
103
What is -5 - 3 - ((-9 - -30) + -54 - -1)?
24
Evaluate 5 - (-59 - -12 - -50 - (-6 - -1)).
-3
Calculate (-79 - -24) + -10 - (-12 + (6 - (-7 + 7))).
-59
Calculate -35486 - -35416 - (-22 + -1).
-47
What is the value of (-9 + 5 - (5 - -1)) + (20 + -21 - -21)?
10
What is the value of 20 - (28 + 4) - (5 - (10 + -5)) - -30?
18
Calculate 261 + (-242 - 16) + 52 + -1 + 2.
56
-32 + -2 + 10 + -9 + 2
-31
Calculate -449 + 449 + (39 - (3 + -2)).
38
What is the value of 7 + -4 + -7 + (-3 - -7 - (-49 - 1))?
50
Evaluate 2 + 9 + (-113 - (-183 - -74)).
7
Calculate 3 + (46 - 38) + -25.
-14
Evaluate -52 + (120 - 13 - 16).
39
29 - (-26 + (2 - -8 - (21 - 24)))
42
Calculate (11 - (2 - 4)) + (-6 + (92 - 36) - -23).
86
Evaluate (-27 + 25 - 9) + (-9 - -9).
-11
What is 68 + 5 + (-3 - -4) - ((9 - 22) + 2)?
85
What is 2 + -59 + (61 - 49 - 18)?
-63
What is (8 - (11 - (1 + 11))) + (17 - 7)?
19
-32788 - -32926 - (-1 + 160)
-21
Calculate 2 + 5 - (138 + -139 + 1 + -1).
8
Calculate 49 + -57 - (55 + -3 + 0 + 1 + -4).
-57
Evaluate 13 + 91 - 222 - (-23 + -5).
-90
What is the value of 12 + -2 + 2 - (-75 - -4 - -94)?
-11
Calculate -113 + 58 - 19 - -30.
-44
What is the value of -5 + (4 - -1) + (35 - 26) - (48 - 0)?
-39
What is the value of (-17 - 5) + 6 + -667 + 690?
7
What is the value of 8 + -47 + 8 + -5?
-36
What is the value of (-13 - 1 - -29 - 16) + (-1 - -11 - 108)?
-99
What is the value of 2 - -2 - 4 - (-12 + 38 + 31)?
-57
Evaluate (-145 - -100) + 39 + -4.
-10
(101 + -33 - -99) + -88
79
What is -31 - ((-20 - 56) + -51 + 84)?
12
Evaluate -36 + 0 + (-7778 - -7845).
31
Calculate -45 - -135 - -56 - 124.
22
Calculate 7 + 41 - (-3 - -1 - (4 - 1 - 2)).
51
What is 30 + -13 + 2 + -276 + 261?
4
What is the value of 4 + (-7 - -7) + (-11 - 9) - (117 - -9)?
-142
Calculate 18 + -1 + (-15 - (34 + -17)).
-15
What is the value of (-12 - -26) + -27 - ((21 - -1) + 0)?
-35
13 + -6 + -29 + 28 - (-1 - 32) - -11
50
What is (13 - (-9 + 25)) + (-1 - 0) - -6?
2
Calculate (-31 - (22 - (6 - -33))) + -51 + 1.
-64
What is the value of -4 - (-27 + 15 - -8) - (-9 + 1) - -11?
19
What is -55 + -7 + (37 - -14)?
-11
What is the value of (-3 + (-5 - (-7 + -3 + 4)) - -24) + 4?
26
Evaluate 7 - 0 - (4 + (-3 - 4) - (-95 + 97)).
12
Evaluate -27 + 5 - (3 + 10 - -6).
-41
What is (0 + -1 - 36) + (-6 - -317) + -297?
-23
What is the value of -2 + -3 + 4 + 3 - (-184 - -271)?
-85
What is the value of 31 + -4 + (-1 - -50) + -13?
63
(-1111 - -1114) + (30 - -1) - -24
58
Calculate -55 + (0 - -14 - -19).
-22
Evaluate -9 - (3 + (61 - 41) + (1 - 12)).
-21
-19 + -26 + -2 - 18 - (0 + 0)
-65
What is -15 - (0 + (-1 - (-24 + 21)))?
-17
What is 41 - (3 + 70 + 11)?
-43
What is the value of -127 - (-13 + (25 - 11) + (48 - 47))?
-129
Calculate -55 - ((0 - -3) + (8 - 1) - (-95 - -110)).
-50
What is -10 + 36 - (71 - -7)?
-52
What is -91 - (129 + -79 + -84)?
-57
Evaluate 90 - (82 + (42 - 78)).
44
Evaluate -76 + (15 - (-8 + 22 - 14)).
-61
Calculate (-573 - -632) + (-51 - -16).
24
Evaluate 101 - (-36 - -109 - -2).
26
What is (166 - 253) + 110 + -69?
-46
Calculate -1 - 19 - (4251 - 4269).
-2
What is the value of 33 - (12 - -3 - (30 - (1 - -20)))?
27
What is 2 - (-7 + 129) - (-20 + 5 - 4)?
-101
Evaluate -5 - (-5 - (0 - 3) - 5) - (-96 - -27).
71
What is -104 - (-129 + -39 + -41)?
105
What is the value of (3 - 20) + (-3 - (6 - -1) - -1)?
-26
What is (-6 - ((-3 - -7) + 0 + 2)) + 57?
45
What is the value of (-9 - (-1 - -7)) + 17 + (2 - 0)?
4
-89 - (12 + (33 - 43 - 30))
-61
What is 23 - (35 - (3 - 64))?
-73
What is -44 - (-14 - 74) - 25?
19
What is the value of (6 - 21 - -9) + -43 - -19?
-30
((163 - -6) + -24 + -25 - 16) + -20
84
Calculate -172 + 188 - (-1 - -42) - (-5 - -2 - -7).
-29
What is the value of (-7 + -4 - (-141 - -136)) + 122 + -8?
108
What is 65 + -32 + 85 + -89?
29
Evaluate -218 - (-120 - 0 - 44).
-54
Calculate (2 - 6) + 15 - (-82 + (-52 - -89)).
56
(-11 + -2 - -28) + -20 + -3 - (0 + 14)
-22
(8 - 0 - 7) + (43 - -22) + 11
77
Evaluate -20 + (-24 + (16 - 4) - 21).
-53
Evaluate (-1 - 25) + (1 - ((-8 - -8) + 1 - 0)).
-26
What is the value of -67 + (1148 + -1174 - (-1 + -57))?
-35
What is -45 + -15 - (4 - 5 - 5)?
-54
Calculate 92 + -54 + (-40 - -5).
3
What is the value of 0 + 38 - (0 + 6 - (63 - 68))?
27
-32 + (3 - 5) - (35 - 59 - -32)
-42
What is the value of (-1475 - -1535) + (-2 - ((0 - -3) + 3))?
52
Evaluate -2 + -2 + -14 - (-7 + 13) - (23 + -28).
-19
What is 27 - ((-564 - -505) + (19 - -1))?
66
What is -52 + 60 - 44 - -39?
3
Calculate -14 + 55 + (-1 - 9) + 12.
43
Calculate (6 - ((-3 - (-2 + -3)) + 3)) + 3.
4
What is the value of -27 + 78 + 3 + -33 + (-5 - -1)?
17
Evaluate 106 + -50 + -74 - 113.
-131
Calculate -13 + (-3 - (-13 - -21) - (-21 + -6)).
3
(0 - 5) + (0 - -10) + 90 + -92 - 85
-82
What is the value of 1 + (-1 - -6) + (-10 - 2) + -18?
-24
Evaluate 29 + 2 + -7943 + 8003.
91
Evaluate 26 - 17 - 43 - -27.
-7
What is the value of 55 + (-44 - -38 - (2 - 36) - 17)?
66
33 - -3 - (-261 - -265) - 3
29
Evaluate 23 + -1 + 3 - (2433 + -2360) - 25.
-73
-8 + 11 + -1 + -9 + -51 - (3 + -11)
-50
(-159 - 57) + 219 - (65 + 0 + -2)
-60
What is -80 - (11 + 25 + -37 + (-4 - (2 - 12)))?
-85
Evaluate -32 - ((9